ase 5?
32
60 (base 8) to base 12
40
What is -13 (base 9) in base 5?
-22
What is 361 (base 7) in base 10?
190
What is 15 (base 9) in base 3?
112
-10010 (base 2) to base 3
-200
10 (base 13) to base 3
111
212 (base 6) to base 10
80
What is -1 (base 3) in base 6?
-1
What is 143 (base 7) in base 10?
80
20 (base 6) to base 16
c
-113 (base 4) to base 13
-1a
What is 0 (base 4) in base 16?
0
What is -2 (base 6) in base 8?
-2
What is -74 (base 8) in base 4?
-330
-e8 (base 15) to base 12
-162
-58 (base 13) to base 12
-61
Convert 0 (base 10) to base 13.
0
What is 3 (base 12) in base 11?
3
What is -1001 (base 2) in base 7?
-12
What is -1 (base 5) in base 16?
-1
What is -7 (base 12) in base 5?
-12
Convert -1b (base 13) to base 12.
-20
-9 (base 14) to base 4
-21
-96 (base 13) to base 10
-123
What is 6 (base 12) in base 2?
110
Convert 0 (base 8) to base 15.
0
Convert 8 (base 13) to base 10.
8
Convert 222 (base 4) to base 15.
2c
17 (base 11) to base 4
102
Convert -1 (base 9) to base 3.
-1
-44 (base 11) to base 13
-39
What is 152 (base 10) in base 16?
98
0 (base 16) to base 12
0
Convert -101 (base 8) to base 3.
-2102
50 (base 6) to base 12
26
What is -7 (base 9) in base 10?
-7
297 (base 10) to base 16
129
-2001 (base 3) to base 8
-67
Convert 226 (base 8) to base 7.
303
What is -ca (base 16) in base 8?
-312
-20020 (base 3) to base 13
-cc
-1 (base 8) to base 7
-1
-8 (base 14) to base 13
-8
What is -15 (base 6) in base 2?
-1011
215 (base 6) to base 8
123
101110 (base 2) to base 10
46
2 (base 13) to base 8
2
What is -5 (base 14) in base 9?
-5
-6 (base 9) to base 13
-6
What is 0 (base 14) in base 5?
0
What is -1 (base 8) in base 11?
-1
Convert 10100 (base 4) to base 10.
272
Convert 0 (base 9) to base 6.
0
Convert 111 (base 3) to base 16.
d
-5 (base 7) to base 16
-5
What is -2 (base 3) in base 10?
-2
Convert -10 (base 5) to base 8.
-5
74 (base 16) to base 8
164
-27 (base 10) to base 2
-11011
Convert 100100 (base 2) to base 8.
44
0 (base 11) to base 10
0
-1b0 (base 15) to base 9
-473
What is -30 (base 9) in base 14?
-1d
What is 2 (base 15) in base 12?
2
-8 (base 12) to base 7
-11
201 (base 3) to base 2
10011
-1220 (base 3) to base 11
-47
Convert ac (base 16) to base 9.
211
Convert 110 (base 2) to base 4.
12
What is 101120 (base 3) in base 6?
1153
What is 5 (base 11) in base 2?
101
-98 (base 14) to base 15
-8e
What is -1 (base 9) in base 6?
-1
What is 3 (base 8) in base 16?
3
What is -20 (base 9) in base 12?
-16
-10 (base 2) to base 8
-2
What is -41 (base 8) in base 5?
-113
-123 (base 8) to base 6
-215
49 (base 14) to base 2
1000001
0 (base 11) to base 14
0
-12 (base 8) to base 9
-11
-5 (base 9) to base 7
-5
Convert -3 (base 11) to base 4.
-3
Convert 53 (base 9) to base 10.
48
241 (base 6) to base 11
89
Convert -202 (base 3) to base 8.
-24
Convert -4 (base 8) to base 7.
-4
Convert -31 (base 5) to base 12.
-14
Convert -71 (base 10) to base 2.
-1000111
What is 228 (base 10) in base 14?
124
-32 (base 13) to base 2
-101001
Convert -4 (base 13) to base 10.
-4
What is -5 (base 8) in base 5?
-10
-b (base 12) to base 13
-b
101 (base 6) to base 7
52
Convert 0 (base 14) to base 15.
0
4 (base 10) to base 12
4
What is 3 (base 10) in base 5?
3
3 (base 11) to base 4
3
-113 (base 6) to base 9
-50
Convert 33 (base 7) to base 16.
18
What is 1200 (base 3) in base 14?
33
What is 1b8 (base 13) in base 14?
18c
-3110 (base 4) to base 16
-d4
-11 (base 2) to base 11
-3
What is 11100 (base 2) in base 7?
40
Convert -3 (base 13) to base 6.
-3
74 (base 13) to base 12
7b
What is -30 (base 6) in base 9?
-20
-5 (base 16) to base 13
-5
Convert 10 (base 6) to base 2.
110
What is 4 (base 11) in base 15?
4
84 (base 16) to base 14
96
Convert 67 (base 10) to base 8.
103
What is -124 (base 6) in base 7?
-103
Convert 54 (base 12) to base 16.
40
What is 10010011 (base 2) in base 11?
124
Convert 2 (base 15) to base 7.
2
-21 (base 13) to base 6
-43
7 (base 16) to base 14
7
Convert -2 (base 9) to base 16.
-2
0 (base 9) to base 7
0
-13 (base 6) to base 11
-9
-100 (base 2) to base 12
-4
What is 24 (base 6) in base 5?
31
What is -4 (base 10) in base 15?
-4
-357 (base 8) to base 3
-22212
Convert 0 (base 5) to base 3.
0
What is 120 (base 3) in base 9?
16
-651 (base 7) to base 8
-512
Convert -28 (base 9) to base 15.
-1b
50 (base 7) to base 12
2b
What is -202 (base 3) in base 10?
-20
3 (base 11) to base 12
3
What is 212 (base 3) in base 10?
23
What is -74 (base 15) in base 4?
-1231
-18 (base 12) to base 13
-17
What is 40 (base 8) in base 16?
20
221 (base 6) to base 7
151
Convert 40 (base 8) to base 15.
22
-2 (base 9) to base 8
-2
110 (base 6) to base 3
1120
Convert -151 (base 8) to base 3.
-10220
e (base 16) to base 11
13
What is f (base 16) in base 3?
120
-2 (base 5) to base 13
-2
4 (base 13) to base 11
4
Convert -1 (base 14) to base 3.
-1
What is 0 (base 4) in base 13?
0
What is 2c (base 13) in base 5?
123
Convert 232 (base 9) to base 14.
d9
What is 5a (base 11) in base 16?
41
What is 1001 (base 3) in base 11?
26
What is -10 (base 9) in base 6?
-13
1304 (base 5) to base 8
314
What is -27 (base 8) in base 4?
-113
What is 175 (base 9) in base 6?
405
Convert 1a (base 11) to base 14.
17
What is 2 (base 16) in base 6?
2
3 (base 12) to base 14
3
10 (base 3) to base 5
3
-24 (base 7) to base 9
-20
-21 (base 10) to base 2
-10101
-9 (base 13) to base 9
-10
Convert -163 (base 10) to base 16.
-a3
-21 (base 13) to base 15
-1c
-2001 (base 3) to base 13
-43
Convert 142 (base 5) to base 8.
57
What is -3 (base 8) in base 11?
-3
Convert -3 (base 9) to base 16.
-3
What is 41 (base 5) in base 3?
210
What is 21 (base 9) in base 7?
25
What is -4 (base 13) in base 14?
-4
What is 204 (base 5) in base 2?
110110
3 (base 15) to base 13
3
-4a (base 12) to base 3
-2011
What is 22100 (base 3) in base 5?
1400
What is 58 (base 13) in base 5?
243
What is 2a (base 14) in base 11?
35
What is 100 (base 6) in base 5?
121
-10 (base 5) to base 13
-5
-41 (base 11) to base 7
-63
2 (base 12) to base 5
2
What is -1 (base 11) in base 8?
-1
10000 (base 3) to base 15
56
Convert 36 (base 10) to base 7.
51
What is -2022 (base 3) in base 8?
-76
-132 (base 9) to base 15
-75
-2 (base 4) to base 6
-2
3 (base 12) to base 16
3
What is -131 (base 4) in base 7?
-41
What is 1002 (base 3) in base 2?
11101
-22 (base 3) to base 14
-8
Convert 11 (base 10) to base 2.
1011
What is 64 (base 8) in base 6?
124
What is -60 (base 8) in base 9?
-53
What is 27 (base 9) in base 5?
100
What is -53 (base 8) in base 3?
-1121
Convert 5 (base 9) to base 15.
5
2 (base 14) to base 9
2
2 (base 15) to base 8
2
What is -10 (base 6) in base 16?
-6
-3 (base 7) to base 5
-3
Convert 115 (base 11) to base 2.
10001001
Convert dc (base 14) to base 6.
522
Convert -33 (base 4) to base 6.
-23
What is -3 (base 10) in base 16?
-3
3 (base 12) to base 4
3
What is 0 (base 9) in base 3?
0
Convert -2 (base 4) to base 2.
-10
1012 (base 3) to base 7
44
Convert 27 (base 10) to base 8.
33
Convert -10 (base 6) to base 7.
-6
Convert -1000111 (base 2) to base 3.
-2122
What is -1e (base 16) in base 6?
-50
What is -122 (base 16) in base 10?
-290
-2100 (base 4) to base 16
-90
What is 0 (base 3) in base 13?
0
-3 (base 9) to base 5
-3
Convert 9 (base 11) to base 2.
1001
Convert 77 (base 8) to base 10.
63
What is 65 (base 14) in base 4?
1121
Convert 1 (base 6) to base 3.
1
2 (base 9) to base 10
2
What is 102 (base 12) in base 4?
2102
-45 (base 11) to base 9
-54
What is 3 (base 6) in base 7?
3
-21 (base 10) to base 5
-41
-3 (base 13) to base 2
-11
Convert -260 (base 8) to base 15.
-bb
What is 2 (base 12) in base 8?
2
20 (base 14) to base 7
40
100000101 (base 2) to base 3
100200
21 (base 12) to base 8
31
What is 37 (base 11) in base 9?
44
Convert -a (base 12) to base 14.
-a
-31 (base 9) to base 10
-28
Convert -49 (base 10) to base 6.
-121
-1111 (base 2) to base 4
-33
Convert 166 (base 8) to base 14.
86
Convert 93 (base 14) to base 7.
243
-132 (base 6) to base 16
-38
7 (base 8) to base 12
7
Convert -147 (base 14) to base 13.
-16c
What is 2 (base 5) in base 16?
2
Convert -13 (base 13) to base 9.
-17
Convert -20 (base 8) to base 6.
-24
Convert 1111 (base 3) to base 9.
44
-1b (base 14) to base 5
-100
Convert -21 (base 4) to base 11.
-9
-11002 (base 3) to base 7
-215
What is 113 (base 5) in base 11?
30
32 (base 6) to base 7
26